{"id":913,"date":"2025-11-03T20:36:18","date_gmt":"2025-11-03T20:36:18","guid":{"rendered":"https:\/\/lfabjobs.wpenginepowered.com\/lfab\/?page_id=913"},"modified":"2025-12-08T11:50:32","modified_gmt":"2025-12-08T11:50:32","slug":"agria-djurforsakring","status":"publish","type":"page","link":"https:\/\/jobb.lansforsakringar.se\/lfab\/agria-djurforsakring\/","title":{"rendered":"Agria Djurf\u00f6rs\u00e4kring"},"content":{"rendered":"<p>[et_pb_section fb_built=&#8221;1&#8243; admin_label=&#8221;Section&#8221; module_id=&#8221;digital&#8221; _builder_version=&#8221;4.27.4&#8243; _module_preset=&#8221;default&#8221; background_color=&#8221;#E5EFF7&#8243; custom_padding=&#8221;||70px|||&#8221; custom_css_free_form=&#8221;#et-boc .area-outer-wrap .da-close {||    background: none !important;||    -webkit-box-shadow: none!important;||    box-shadow: none !important;||    color: #04417a !important;||    font-size: 30px;||    right: 10px;||    top: 10px;||}&#8221; da_popup_slug=&#8221;digital&#8221; da_disable_devices=&#8221;off|off|off&#8221; global_colors_info=&#8221;{}&#8221; da_is_popup=&#8221;off&#8221; da_exit_intent=&#8221;off&#8221; da_has_close=&#8221;on&#8221; da_alt_close=&#8221;off&#8221; da_dark_close=&#8221;off&#8221; da_not_modal=&#8221;on&#8221; da_is_singular=&#8221;off&#8221; da_with_loader=&#8221;off&#8221; da_has_shadow=&#8221;on&#8221;][et_pb_row column_structure=&#8221;3_5,2_5&#8243; _builder_version=&#8221;4.27.4&#8243; _module_preset=&#8221;default&#8221; width=&#8221;90%&#8221; max_width=&#8221;1500px&#8221; global_colors_info=&#8221;{}&#8221;][et_pb_column type=&#8221;3_5&#8243; _builder_version=&#8221;4.27.4&#8243; _module_preset=&#8221;default&#8221; global_colors_info=&#8221;{}&#8221;][et_pb_text _builder_version=&#8221;4.27.4&#8243; _module_preset=&#8221;default&#8221; text_text_color=&#8221;#1E1E1E&#8221; header_font=&#8221;IBMPlexSans-Bold||||||||&#8221; header_text_align=&#8221;left&#8221; header_text_color=&#8221;#04417a&#8221; header_font_size=&#8221;37px&#8221; text_orientation=&#8221;center&#8221; custom_margin=&#8221;0px|0px|17px|0px|false|false&#8221; custom_padding=&#8221;0px|0px|0px|0px|false|false&#8221; header_font_size_tablet=&#8221;30px&#8221; header_font_size_phone=&#8221;28px&#8221; header_font_size_last_edited=&#8221;on|phone&#8221; global_colors_info=&#8221;{}&#8221;]<\/p>\n<h1><span class=\"s1\"><b>V\u00e4lkommen till Agria \u2013 d\u00e4r passion f\u00f6r djur m\u00f6ter omtanke om m\u00e4nniskor<\/b><\/span><\/h1>\n<p>[\/et_pb_text][et_pb_text _builder_version=&#8221;4.27.4&#8243; _module_preset=&#8221;default&#8221; global_colors_info=&#8221;{}&#8221;]<\/p>\n<p class=\"p1\"><span class=\"s1\">Har du n\u00e5gon g\u00e5ng funderat p\u00e5 hur det vore att arbeta p\u00e5 ett f\u00f6retag d\u00e4r omtanke och innovation g\u00e5r hand i hand och d\u00e4r ditt engagemang faktiskt g\u00f6r skillnad, varje dag? Hos oss p\u00e5 Agria \u00e4r det precis s\u00e5.<\/span><\/p>\n<p class=\"p1\"><span class=\"s1\">Vi \u00e4r marknadsledande i Norden inom djur- och husdjursf\u00f6rs\u00e4kringar, med en tydlig vision: att bli Europas mest omtyckta och p\u00e5litliga partner f\u00f6r djur\u00e4gare. V\u00e5rt ledarskap handlar inte bara om marknadsandelar; det handlar om att skapa trygghet f\u00f6r b\u00e5de djur och m\u00e4nniskor, och att g\u00f6ra livet med djur enklare och roligare.<\/span><\/p>\n<p class=\"p1\"><span class=\"s1\">Agria \u00e4r ett hel\u00e4gt dotterbolag till L\u00e4nsf\u00f6rs\u00e4kringar och finns idag i Sverige, Norge, Finland, Danmark, Storbritannien, Tyskland, Frankrike och Irland. V\u00e5rt svenska kontor ligger p\u00e5 G\u00e4rdet i Stockholm, men v\u00e5rt hj\u00e4rta och verksamhet str\u00e4cker sig l\u00e5ngt utanf\u00f6r Sveriges gr\u00e4nser. Med en tydlig tillv\u00e4xtagenda forts\u00e4tter vi att expandera internationellt, driva innovation och utveckla digitala l\u00f6sningar som g\u00f6r verklig skillnad f\u00f6r djur\u00e4gare. Ett exempel \u00e4r v\u00e5rt dotterbolag Agria Vet Guide, som erbjuder digital r\u00e5dgivning och g\u00f6r det enklare att hj\u00e4lpa fler djur snabbare.<\/span><\/p>\n<p class=\"p1\"><span class=\"s1\"><b>Att vara en del av Agria<\/b><\/span><\/p>\n<p class=\"p1\"><span class=\"s1\">F\u00f6r oss handlar framg\u00e5ng om m\u00e4nniskor. Vi tror p\u00e5 att engagemang, omtanke och nyfikenhet skapar de b\u00e4sta resultaten, b\u00e5de f\u00f6r v\u00e5ra kunder och f\u00f6r oss som kollegor. Du beh\u00f6ver inte sj\u00e4lv vara djur\u00e4gare f\u00f6r att trivas hos oss, men du beh\u00f6ver tro p\u00e5 v\u00e5r id\u00e9: att djur g\u00f6r livet rikare och att vi, genom v\u00e5rt arbete, bidrar till n\u00e5got som verkligen betyder n\u00e5got.<\/span><\/p>\n<p class=\"p1\"><span class=\"s1\">Vi \u00e4r ett f\u00f6retag i stark utveckling, d\u00e4r teknik och hj\u00e4rta m\u00f6ts. H\u00e4r f\u00e5r du m\u00f6jlighet att p\u00e5verka, bidra med id\u00e9er och vara en del av ett team som v\u00e5gar t\u00e4nka nytt. Vi satsar p\u00e5 digitalisering, data och innovation men alltid med omtanken som kompass.<\/span><\/p>\n<p class=\"p1\"><b style=\"font-size: 19px;\">V\u00e5r kultur \u2013 tillsammans f\u00f6r djurens och m\u00e4nniskors b\u00e4sta<\/b><\/p>\n<p class=\"p1\"><span class=\"s1\">Hos Agria \u00e4r du aldrig ensam. Vi \u00e4r stolta \u00f6ver v\u00e5r \u00f6ppna och inkluderande kultur, d\u00e4r vi lyssnar p\u00e5 varandra, delar kunskap och firar framg\u00e5ngar tillsammans. H\u00e4r finns en balans mellan det personliga och det professionella och mellan det trygga och det utmanande. Du f\u00e5r vara dig sj\u00e4lv, utvecklas i din roll och vara del av ett sammanhang som pr\u00e4glas av b\u00e5de v\u00e4rme och ambition.<\/span><\/p>\n<p class=\"p1\"><span class=\"s1\">Vi tror p\u00e5 att nyfikenhet driver utveckling. D\u00e4rf\u00f6r uppmuntrar vi till att testa nytt, t\u00e4nka stort och samarbeta \u00f6ver gr\u00e4nser \u2013 mellan l\u00e4nder, avdelningar och kompetenser. Tillsammans bygger vi framtidens Agria.<\/span><\/p>\n<p class=\"p1\"><b style=\"font-size: 19px;\">Vill du vara med p\u00e5 resan?<\/b><\/p>\n<p class=\"p1\"><span class=\"s1\">Om du vill arbeta i ett bolag d\u00e4r omtanke m\u00f6ter innovation, d\u00e4r ditt arbete g\u00f6r skillnad och d\u00e4r du f\u00e5r vara en del av ett engagerat team med stark fram\u00e5tanda, d\u00e5 tror vi att du kommer trivas hos oss.<\/span><\/p>\n<p class=\"p3\"><span class=\"s1\">V\u00e4lkommen till Agria \u2013 tillsammans g\u00f6r vi skillnad, p\u00e5 riktigt.<\/span><\/p>\n<p>[\/et_pb_text][\/et_pb_column][et_pb_column type=&#8221;2_5&#8243; _builder_version=&#8221;4.27.4&#8243; _module_preset=&#8221;default&#8221; global_colors_info=&#8221;{}&#8221;][et_pb_image src=&#8221;https:\/\/jobb.lansforsakringar.se\/lfab\/wp-content\/uploads\/sites\/7\/2025\/09\/LFAB-1000&#215;1000-1.png&#8221; title_text=&#8221;LFAB 1000&#215;1000&#8243; _builder_version=&#8221;4.27.4&#8243; _module_preset=&#8221;default&#8221; border_radii=&#8221;on|20px|20px|20px|20px&#8221; global_colors_info=&#8221;{}&#8221;][\/et_pb_image][\/et_pb_column][\/et_pb_row][\/et_pb_section][et_pb_section fb_built=&#8221;1&#8243; custom_padding_last_edited=&#8221;off|desktop&#8221; admin_label=&#8221;Section&#8221; module_id=&#8221;LF&#8221; _builder_version=&#8221;4.27.4&#8243; _module_preset=&#8221;default&#8221; background_enable_color=&#8221;off&#8221; background_enable_image=&#8221;off&#8221; background_size=&#8221;custom&#8221; background_image_width=&#8221;45%&#8221; background_position=&#8221;center_left&#8221; custom_margin=&#8221;||||false|false&#8221; custom_margin_tablet=&#8221;0px||0px||false|false&#8221; custom_margin_phone=&#8221;0px||0px||false|false&#8221; custom_margin_last_edited=&#8221;on|tablet&#8221; custom_padding=&#8221;50px||30px||false|false&#8221; custom_padding_tablet=&#8221;0px||0px||false|false&#8221; custom_padding_phone=&#8221;0px||0px||false|false&#8221; hover_enabled=&#8221;0&#8243; da_popup_slug=&#8221;LF&#8221; da_disable_devices=&#8221;off|off|off&#8221; border_radii=&#8221;off||||&#8221; border_radii_tablet=&#8221;off|||80px|80px&#8221; border_radii_phone=&#8221;off|||50px|50px&#8221; border_radii_last_edited=&#8221;off|desktop&#8221; locked=&#8221;off&#8221; global_colors_info=&#8221;{}&#8221; disabled_on=&#8221;on|on|on&#8221; disabled=&#8221;on&#8221; sticky_enabled=&#8221;0&#8243; da_is_popup=&#8221;off&#8221; da_exit_intent=&#8221;off&#8221; da_has_close=&#8221;on&#8221; da_alt_close=&#8221;off&#8221; da_dark_close=&#8221;off&#8221; da_not_modal=&#8221;on&#8221; da_is_singular=&#8221;off&#8221; da_with_loader=&#8221;off&#8221; da_has_shadow=&#8221;on&#8221;][et_pb_row use_custom_gutter=&#8221;on&#8221; _builder_version=&#8221;4.27.4&#8243; _module_preset=&#8221;default&#8221; background_enable_color=&#8221;off&#8221; width=&#8221;90%&#8221; max_width=&#8221;1500px&#8221; custom_margin=&#8221;|auto||auto|false|false&#8221; custom_margin_tablet=&#8221;50px|auto|20px|auto|false|false&#8221; custom_margin_phone=&#8221;|auto|0px|auto|false|false&#8221; custom_margin_last_edited=&#8221;off|desktop&#8221; global_colors_info=&#8221;{}&#8221;][et_pb_column type=&#8221;4_4&#8243; _builder_version=&#8221;4.27.0&#8243; _module_preset=&#8221;default&#8221; global_colors_info=&#8221;{}&#8221;][et_pb_text _builder_version=&#8221;4.27.4&#8243; _module_preset=&#8221;default&#8221; text_text_color=&#8221;#1E1E1E&#8221; header_font=&#8221;IBMPlexSans-Bold||||||||&#8221; header_text_align=&#8221;left&#8221; header_text_color=&#8221;#04417a&#8221; header_font_size=&#8221;37px&#8221; text_orientation=&#8221;center&#8221; custom_margin=&#8221;||||false|false&#8221; custom_padding=&#8221;||||false|false&#8221; header_font_size_tablet=&#8221;30px&#8221; header_font_size_phone=&#8221;28px&#8221; header_font_size_last_edited=&#8221;on|phone&#8221; global_colors_info=&#8221;{}&#8221;]<\/p>\n<h1><span class=\"s1\">Detta s\u00e4ger v\u00e5ra kollegor<\/span><\/h1>\n<p>[\/et_pb_text][dsm_card_carousel autoplay=&#8221;off&#8221; space_between=&#8221;30&#8243; equal_height=&#8221;on&#8221; arrow_color=&#8221;#E5EFF7&#8243; dots=&#8221;off&#8221; _builder_version=&#8221;4.27.4&#8243; _module_preset=&#8221;default&#8221; global_colors_info=&#8221;{}&#8221;][dsm_card_carousel_child image_as_background=&#8221;off&#8221; badge_text=&#8221;Badget Text&#8221; content_padding=&#8221;400px|40px|50px|40px|false|true&#8221; button_url_new_window=&#8221;1&#8243; _builder_version=&#8221;4.27.4&#8243; _module_preset=&#8221;default&#8221; body_font=&#8221;IBMPlexSans-Regular||||||||&#8221; body_text_align=&#8221;center&#8221; body_text_color=&#8221;#FFFFFF&#8221; use_background_color_gradient=&#8221;on&#8221; background_color_gradient_stops=&#8221;rgba(255,255,255,0) 50%|#222222 100%&#8221; background_color_gradient_overlays_image=&#8221;on&#8221; background_image=&#8221;https:\/\/jobb.lansforsakringar.se\/lfab\/wp-content\/uploads\/sites\/7\/2025\/09\/2.png&#8221; background_enable_image=&#8221;on&#8221; transform_translate_linked__hover=&#8221;off&#8221; border_radii=&#8221;on|20px|20px|20px|20px&#8221; global_colors_info=&#8221;{}&#8221; transform_styles__hover_enabled=&#8221;off|desktop&#8221; transform_scale__hover_enabled=&#8221;off|desktop&#8221; transform_translate__hover_enabled=&#8221;off|desktop&#8221; transform_rotate__hover_enabled=&#8221;off|desktop&#8221; transform_skew__hover_enabled=&#8221;off|desktop&#8221; transform_origin__hover_enabled=&#8221;off|desktop&#8221; transform_scale__hover=&#8221;100%|100%&#8221; parent_button=&#8221;off&#8221; parent_header_level=&#8221;h4&#8243;]<\/p>\n<div class=\"page\" title=\"Page 1\">\n<div class=\"section\">\n<div class=\"layoutArea\">\n<div class=\"column\">\n<p style=\"text-align: center;\"><img loading=\"lazy\" decoding=\"async\" src=\"https:\/\/jobb.lansforsakringar.se\/lfab\/wp-content\/uploads\/sites\/7\/2025\/10\/Quote-50x50px-1.png\" width=\"50\" height=\"50\" alt=\"\" class=\"wp-image-852 alignnone size-full\" \/><\/p>\n<p><em><strong><span class=\"s1\">\u201dJag har utvecklats b\u00e5de professionellt och som person sedan jag b\u00f6rjade jobba som L\u00e5nehandl\u00e4ggare p\u00e5 LF-Norrbotten\u201d<\/span><\/strong><\/em><\/p>\n<p><strong><span class=\"s1\">Arbetare 1<\/span><br \/><\/strong><span><span class=\"s1\">Handl\u00e4ggare p\u00e5 LF S\u00f6rmland<\/span><\/span><span><span class=\"s1\"><\/span><\/span><\/p>\n<\/div>\n<\/div>\n<\/div>\n<\/div>\n<p>[\/dsm_card_carousel_child][dsm_card_carousel_child image_as_background=&#8221;off&#8221; badge_text=&#8221;Badget Text&#8221; content_padding=&#8221;400px|40px|50px|40px|false|true&#8221; button_url_new_window=&#8221;1&#8243; _builder_version=&#8221;4.27.4&#8243; _module_preset=&#8221;default&#8221; body_font=&#8221;IBMPlexSans-Regular||||||||&#8221; body_text_align=&#8221;center&#8221; body_text_color=&#8221;#FFFFFF&#8221; use_background_color_gradient=&#8221;on&#8221; background_color_gradient_stops=&#8221;rgba(255,255,255,0) 50%|#222222 100%&#8221; background_color_gradient_overlays_image=&#8221;on&#8221; background_image=&#8221;https:\/\/jobb.lansforsakringar.se\/lfab\/wp-content\/uploads\/sites\/7\/2025\/09\/8.png&#8221; background_enable_image=&#8221;on&#8221; transform_scale_last_edited=&#8221;off|desktop&#8221; transform_translate_last_edited=&#8221;off|desktop&#8221; transform_rotate_last_edited=&#8221;off|desktop&#8221; transform_skew_last_edited=&#8221;off|desktop&#8221; transform_origin_last_edited=&#8221;off|desktop&#8221; transform_styles_last_edited=&#8221;off|desktop&#8221; border_radii=&#8221;on|20px|20px|20px|20px&#8221; global_colors_info=&#8221;{}&#8221; transform_styles__hover_enabled=&#8221;off|desktop&#8221; transform_scale__hover_enabled=&#8221;off|desktop&#8221; transform_translate__hover_enabled=&#8221;off|desktop&#8221; transform_rotate__hover_enabled=&#8221;off|desktop&#8221; transform_skew__hover_enabled=&#8221;off|desktop&#8221; transform_origin__hover_enabled=&#8221;off|desktop&#8221; transform_scale__hover=&#8221;100%|100%&#8221; parent_button=&#8221;off&#8221; parent_header_level=&#8221;h4&#8243;]<\/p>\n<div class=\"page\" title=\"Page 1\">\n<div class=\"section\">\n<div class=\"layoutArea\">\n<div class=\"column\">\n<p style=\"text-align: center;\"><img loading=\"lazy\" decoding=\"async\" src=\"https:\/\/jobb.lansforsakringar.se\/lfab\/wp-content\/uploads\/sites\/7\/2025\/10\/Quote-50x50px-1.png\" width=\"50\" height=\"50\" alt=\"\" class=\"wp-image-852 alignnone size-full\" \/><\/p>\n<p><em><strong><span class=\"s1\">\u201dJag \u00e4lskar den inkluderande kulturen. Jag blev en del av gemenskapen redan p\u00e5 dag 1.\u201d<\/span><\/strong><\/em><\/p>\n<p><strong>Arbetare 2<br \/><\/strong><span class=\"s1\">Jurist p\u00e5 LF Sk\u00e5nt<\/span><\/p>\n<\/div>\n<\/div>\n<\/div>\n<\/div>\n<p>[\/dsm_card_carousel_child][dsm_card_carousel_child image_as_background=&#8221;off&#8221; badge_text=&#8221;Badget Text&#8221; content_padding=&#8221;400px|40px|50px|40px|false|true&#8221; button_url_new_window=&#8221;1&#8243; _builder_version=&#8221;4.27.4&#8243; _module_preset=&#8221;default&#8221; body_font=&#8221;IBMPlexSans-Regular||||||||&#8221; body_text_align=&#8221;center&#8221; body_text_color=&#8221;#FFFFFF&#8221; use_background_color_gradient=&#8221;on&#8221; background_color_gradient_stops=&#8221;rgba(255,255,255,0) 50%|#222222 100%&#8221; background_color_gradient_overlays_image=&#8221;on&#8221; background_image=&#8221;https:\/\/jobb.lansforsakringar.se\/lfab\/wp-content\/uploads\/sites\/7\/2025\/09\/Employee-1500&#215;1500-1.png&#8221; background_enable_image=&#8221;on&#8221; border_radii=&#8221;on|20px|20px|20px|20px&#8221; global_colors_info=&#8221;{}&#8221; transform_styles__hover_enabled=&#8221;off|desktop&#8221; transform_scale__hover_enabled=&#8221;off|desktop&#8221; transform_translate__hover_enabled=&#8221;off|desktop&#8221; transform_rotate__hover_enabled=&#8221;off|desktop&#8221; transform_skew__hover_enabled=&#8221;off|desktop&#8221; transform_origin__hover_enabled=&#8221;off|desktop&#8221; transform_scale__hover=&#8221;100%|100%&#8221; parent_button=&#8221;off&#8221; parent_header_level=&#8221;h4&#8243;]<\/p>\n<div class=\"page\" title=\"Page 1\">\n<div class=\"section\">\n<div class=\"layoutArea\">\n<div class=\"column\">\n<p style=\"text-align: center;\"><img loading=\"lazy\" decoding=\"async\" src=\"https:\/\/jobb.lansforsakringar.se\/lfab\/wp-content\/uploads\/sites\/7\/2025\/10\/Quote-50x50px-1.png\" width=\"50\" height=\"50\" alt=\"\" class=\"wp-image-852 alignnone size-full\" \/><\/p>\n<p class=\"p1\"><strong><em><span class=\"s1\">&#8220;Det flexibla arbetss\u00e4ttet g\u00f6r det m\u00f6jligt f\u00f6r mig att ha en b\u00e4ttre balans mellan familjeliv och jobb&#8221;<\/span><\/em><\/strong><\/p>\n<p><strong>Arbetare 3<br \/><\/strong><span><\/span><span class=\"s1\">Cloud-arkitekt p\u00e5 L\u00e4nsf\u00f6rs\u00e4kringar AB<\/span><\/p>\n<\/div>\n<\/div>\n<\/div>\n<\/div>\n<p>[\/dsm_card_carousel_child][\/dsm_card_carousel][\/et_pb_column][\/et_pb_row][\/et_pb_section][et_pb_section fb_built=&#8221;1&#8243; admin_label=&#8221;Section&#8221; _builder_version=&#8221;4.27.4&#8243; _module_preset=&#8221;default&#8221; background_color=&#8221;#005AA0&#8243; z_index=&#8221;1&#8243; custom_margin=&#8221;||||false|false&#8221; custom_padding=&#8221;5px||5px||true|false&#8221; animation_direction=&#8221;bottom&#8221; background_last_edited=&#8221;off|desktop&#8221; background_enable_color_phone=&#8221;off&#8221; da_disable_devices=&#8221;off|off|off&#8221; border_radii_tablet=&#8221;off|80px|80px||&#8221; border_radii_phone=&#8221;off|50px|50px||&#8221; border_radii_last_edited=&#8221;off|desktop&#8221; locked=&#8221;off&#8221; global_colors_info=&#8221;{}&#8221; da_is_popup=&#8221;off&#8221; da_exit_intent=&#8221;off&#8221; da_has_close=&#8221;on&#8221; da_alt_close=&#8221;off&#8221; da_dark_close=&#8221;off&#8221; da_not_modal=&#8221;on&#8221; da_is_singular=&#8221;off&#8221; da_with_loader=&#8221;off&#8221; da_has_shadow=&#8221;on&#8221;][et_pb_row custom_padding_last_edited=&#8221;on|phone&#8221; _builder_version=&#8221;4.27.0&#8243; _module_preset=&#8221;default&#8221; background_enable_color=&#8221;off&#8221; width=&#8221;90%&#8221; max_width=&#8221;1500px&#8221; custom_margin=&#8221;28px|auto|28px|auto|true|false&#8221; custom_margin_tablet=&#8221;|auto|0px|auto|false|false&#8221; custom_margin_phone=&#8221;0px|auto|30px|auto|false|false&#8221; custom_margin_last_edited=&#8221;off|tablet&#8221; custom_padding=&#8221;0px||0px||false|false&#8221; custom_padding_tablet=&#8221;&#8221; custom_padding_phone=&#8221;10px||||false|false&#8221; global_colors_info=&#8221;{}&#8221;][et_pb_column type=&#8221;4_4&#8243; _builder_version=&#8221;4.27.0&#8243; _module_preset=&#8221;default&#8221; global_colors_info=&#8221;{}&#8221;][et_pb_image src=&#8221;https:\/\/jobb.lansforsakringar.se\/wp-content\/uploads\/2025\/10\/Jobylon-Logo-White.png&#8221; title_text=&#8221;Jobylon Logo White&#8221; url=&#8221;https:\/\/www.jobylon.com\/&#8221; url_new_window=&#8221;on&#8221; _builder_version=&#8221;4.27.4&#8243; _module_preset=&#8221;default&#8221; max_width=&#8221;200px&#8221; module_alignment=&#8221;center&#8221; custom_margin=&#8221;||16px|||&#8221; global_colors_info=&#8221;{}&#8221; transform_styles__hover_enabled=&#8221;on|hover&#8221; transform_scale__hover_enabled=&#8221;on|hover&#8221; transform_translate__hover_enabled=&#8221;on|desktop&#8221; transform_rotate__hover_enabled=&#8221;on|desktop&#8221; transform_skew__hover_enabled=&#8221;on|desktop&#8221; transform_origin__hover_enabled=&#8221;on|desktop&#8221; transform_scale__hover=&#8221;104%|104%&#8221;][\/et_pb_image][et_pb_text _builder_version=&#8221;4.27.4&#8243; _module_preset=&#8221;default&#8221; text_text_color=&#8221;#FFFFFF&#8221; link_text_color=&#8221;#FFFFFF&#8221; text_orientation=&#8221;center&#8221; custom_margin=&#8221;12px|||||&#8221; global_colors_info=&#8221;{}&#8221;]<\/p>\n<p><span>Designed &amp; Powered by <a href=\"https:\/\/www.jobylon.com\/\" target=\"_blank\" rel=\"noopener\">Jobylon<\/a><\/span><\/p>\n<p>[\/et_pb_text][\/et_pb_column][\/et_pb_row][\/et_pb_section]<\/p>\n","protected":false},"excerpt":{"rendered":"<p>V\u00e4lkommen till Agria \u2013 d\u00e4r passion f\u00f6r djur m\u00f6ter omtanke om m\u00e4nniskorHar du n\u00e5gon g\u00e5ng funderat p\u00e5 hur det vore att arbeta p\u00e5 ett f\u00f6retag d\u00e4r omtanke och innovation g\u00e5r hand i hand och d\u00e4r ditt engagemang faktiskt g\u00f6r skillnad, varje dag? Hos oss p\u00e5 Agria \u00e4r det precis s\u00e5. Vi \u00e4r marknadsledande i Norden inom djur- och husdjursf\u00f6rs\u00e4kringar, med en tydlig vision: att bli Europas mest omtyckta och p\u00e5litliga partner f\u00f6r djur\u00e4gare. V\u00e5rt ledarskap handlar inte bara om marknadsandelar; det handlar om att skapa trygghet f\u00f6r b\u00e5de djur och m\u00e4nniskor, och att g\u00f6ra livet med djur enklare och roligare. Agria \u00e4r ett hel\u00e4gt dotterbolag till L\u00e4nsf\u00f6rs\u00e4kringar och finns idag i Sverige, Norge, Finland, Danmark, Storbritannien, Tyskland, Frankrike och Irland. V\u00e5rt svenska kontor ligger p\u00e5 G\u00e4rdet i Stockholm, men v\u00e5rt hj\u00e4rta och verksamhet str\u00e4cker sig l\u00e5ngt utanf\u00f6r Sveriges gr\u00e4nser. Med en tydlig tillv\u00e4xtagenda forts\u00e4tter vi att expandera internationellt, driva innovation och utveckla digitala l\u00f6sningar som g\u00f6r verklig skillnad f\u00f6r djur\u00e4gare. Ett exempel \u00e4r v\u00e5rt dotterbolag Agria Vet Guide, som erbjuder digital r\u00e5dgivning och g\u00f6r det enklare att hj\u00e4lpa fler djur snabbare. Att vara en del av Agria F\u00f6r oss handlar framg\u00e5ng om m\u00e4nniskor. Vi tror p\u00e5 att engagemang, omtanke och [&hellip;]<\/p>\n","protected":false},"author":2,"featured_media":0,"parent":0,"menu_order":0,"comment_status":"closed","ping_status":"closed","template":"","meta":{"_et_pb_use_builder":"on","_et_pb_old_content":"","_et_gb_content_width":"","footnotes":""},"class_list":["post-913","page","type-page","status-publish","hentry"],"featured_image_src":null,"featured_image_src_square":null,"_links":{"self":[{"href":"https:\/\/jobb.lansforsakringar.se\/lfab\/wp-json\/wp\/v2\/pages\/913","targetHints":{"allow":["GET"]}}],"collection":[{"href":"https:\/\/jobb.lansforsakringar.se\/lfab\/wp-json\/wp\/v2\/pages"}],"about":[{"href":"https:\/\/jobb.lansforsakringar.se\/lfab\/wp-json\/wp\/v2\/types\/page"}],"author":[{"embeddable":true,"href":"https:\/\/jobb.lansforsakringar.se\/lfab\/wp-json\/wp\/v2\/users\/2"}],"replies":[{"embeddable":true,"href":"https:\/\/jobb.lansforsakringar.se\/lfab\/wp-json\/wp\/v2\/comments?post=913"}],"version-history":[{"count":0,"href":"https:\/\/jobb.lansforsakringar.se\/lfab\/wp-json\/wp\/v2\/pages\/913\/revisions"}],"wp:attachment":[{"href":"https:\/\/jobb.lansforsakringar.se\/lfab\/wp-json\/wp\/v2\/media?parent=913"}],"curies":[{"name":"wp","href":"https:\/\/api.w.org\/{rel}","templated":true}]}}